46573 (base 10) in base 3?
-21110001122
e211c5 (base 15) to base 13
22bba41
What is 438880 (base 9) in base 8?
1000437
What is 24232545 (base 6) in base 7?
6341630
Convert 30361215 (base 7) to base 14.
4a0245
51415535 (base 6) to base 8
5512523
What is -154695 (base 10) in base 5?
-14422240
Convert a7701 (base 12) to base 16.
35d31
Convert -21505566 (base 9) to base 14.
-1548c7c
-6552362 (base 8) to base 2
-110101101010011110010
What is 2477554 (base 8) in base 14?
13ca16
Convert -268230 (base 16) to base 4.
-21220020300
What is -1a372 (base 15) in base 16?
-14ca5
1320020032 (base 4) to base 6
14313554
What is -2861929 (base 10) in base 16?
-2bab69
Convert -5cb6 (base 14) to base 11.
-11217
12516837 (base 9) to base 2
10111011110001000001001
Convert 2104314 (base 5) to base 9.
52853
24444244 (base 5) to base 4
321031110
-102000112112101 (base 3) to base 16
-595cbd
-13758701 (base 9) to base 4
-122003130100
-1141430 (base 8) to base 13
-ac08a
-2500200 (base 6) to base 3
-20201102200
What is 22211210122021 (base 3) in base 10?
4700329
What is 3694003 (base 10) in base 2?
1110000101110110110011
Convert -5040c (base 15) to base 14.
-68817
What is -251452241 (base 6) in base 14?
-901293
116098 (base 10) to base 9
186227
Convert -b61ab (base 13) to base 7.
-2533200
-732600 (base 9) to base 8
-1521432
What is -3e28b3 (base 15) in base 9?
-5565156
What is -438763 (base 10) in base 13?
-124930
-1012b (base 15) to base 4
-30123023
-43534310 (base 6) to base 12
-52a396
Convert -100010020122122 (base 3) to base 8.
-22372424
What is -12101121011 (base 3) in base 13?
-39409
What is -221105 (base 13) in base 14?
-16c435
What is 69382 (base 13) in base 3?
100202000221
Convert -1111030402 (base 5) to base 16.
-253935
Convert 5817272 (base 11) to base 8.
46630174
Convert 20528466 (base 9) to base 6.
551435053
What is 11643bb (base 15) in base 4?
233203332011
What is -33302322312 (base 4) in base 10?
-4140726
Convert -1dc27a (base 14) to base 5.
-233230120
-1244248 (base 10) to base 7
-13401355
Convert -1b7ba9b (base 13) to base 5.
-4314340234
519d18 (base 14) to base 13
755b7b
What is -17947 (base 15) in base 7?
-435400
What is 1bfbbf (base 16) in base 9?
3404587
278886 (base 9) to base 12
82873
What is 3da33 (base 15) in base 11?
125884
-4db864 (base 16) to base 8
-23334144
2513250 (base 6) to base 2
100000110001011110
What is -133907 (base 10) in base 3?
-20210200112
What is 2200200212 (base 3) in base 6?
1045205
-3135811 (base 9) to base 8
-6314056
Convert -612531 (base 7) to base 8.
-313404
What is -203032130 (base 4) in base 5?
-14104114
Convert 1034331 (base 6) to base 16.
c94f
What is 564063 (base 13) in base 15?
2a3700
What is 100333233 (base 5) in base 12?
1749a6
What is 5037243 (base 8) in base 7?
14164043
Convert -22334024 (base 6) to base 5.
-133300110
-723ca (base 15) to base 6
-11431514
What is 8029c9 (base 16) in base 13?
1981105
Convert 1a5de (base 15) to base 9.
140512
632bb (base 14) to base 16
3a6b5
75e761 (base 15) to base 10
5617666
2442344 (base 5) to base 10
46599
Convert 1321663 (base 7) to base 14.
4736a
Convert -42ce7 (base 15) to base 8.
-636307
What is -4451224 (base 9) in base 6?
-123203034
Convert -3333133301 (base 4) to base 8.
-3773761
What is -4449c (base 14) in base 13?
-5a487
-5b8473 (base 13) to base 4
-20112122312
-112022121020202 (base 3) to base 14
-10211c8
16cfd5 (base 16) to base 4
11230333111
What is -100020010101222 (base 3) in base 2?
-10010101101001001111110
Convert -39a96 (base 16) to base 12.
-b481a
What is 7629b (base 12) in base 4?
212010113
Convert 241808 (base 12) to base 9.
1078358
Convert -4676285 (base 10) to base 13.
-c79643
76328 (base 11) to base 2
11011000100010010
-10001001010010111110 (base 2) to base 16
-894be
What is 1132202310 (base 6) in base 13?
282b775
Convert 2ad825 (base 15) to base 16.
1f98b6
Convert 20702267 (base 8) to base 10.
4424887
What is 3222212130 (base 4) in base 2?
11101010100110011100
-a98852 (base 11) to base 10
-1753952
What is 110101000101000111011 (base 2) in base 8?
6505073
Convert 1250c (base 15) to base 8.
162220
Convert 2515 (base 13) to base 14.
1cb7
-3393437 (base 10) to base 14
-644965
Convert -7029b8 (base 12) to base 8.
-6523434
What is 6d9518 (base 15) in base 10?
5245898
Convert 17317 (base 12) to base 8.
101003
-10010001111001001100 (base 2) to base 7
-5036134
-8874 (base 9) to base 8
-14623
10aac2 (base 13) to base 6
12245115
-1487224 (base 9) to base 5
-202403122
What is 240051231 (base 6) in base 10?
4485763
What is -3a5ca4 (base 13) in base 12?
-5815b8
What is 2ee5d (base 15) in base 12?
7398a
Convert -4304111 (base 6) to base 7.
-1535515
Convert -1209fd (base 16) to base 5.
-300312310
What is 237264a (base 11) in base 9?
7687277
What is -2769871 (base 10) in base 7?
-32354266
-53c7d9 (base 15) to base 2
-1111001110010111110101
10010100101001101 (base 2) to base 9
125355
Convert 237716 (base 10) to base 11.
152666
Convert -1021201211121 (base 3) to base 16.
-a6ea3
344011140 (base 6) to base 9
12843136
Convert -1022010220110 (base 3) to base 11.
-4327a6
-12b417 (base 12) to base 3
-120202010001
Convert -22fa66 (base 16) to base 10.
-2292326
-a14a81 (base 11) to base 13
-451961
What is -114221 (base 7) in base 13?
-955a
Convert -47432 (base 9) to base 3.
-1121111002
-1110111111010111100100 (base 2) to base 9
-7348321
154a208 (base 11) to base 8
12065554
-2494d (base 16) to base 8
-444515
1390a (base 15) to base 7
351022
What is -30411130 (base 5) in base 11?
-15a090
Convert -101010000110100010001 (base 2) to base 4.
-11100310101
Convert -cd07b (base 16) to base 14.
-17c09d
22100011002 (base 3) to base 6
3303515
Convert 11001101110101011 (base 2) to base 9.
170506
24c18 (base 13) to base 15
15209
What is -10021202 (base 6) in base 9?
-470852
Convert 331033 (base 4) to base 2.
111101001111
Convert 230446 (base 9) to base 4.
201232203
-210100102111100 (base 3) to base 2
-101011010001111101111011
Convert -949182 (base 10) to base 16.
-e7bbe
Convert 1142123345 (base 6) to base 2.
110001100001010100010001
Convert -146b5 (base 13) to base 16.
-966f
-10333153 (base 8) to base 14
-417255
Convert -32733375 (base 9) to base 15.
-15d0778
What is 2a7b52 (base 13) in base 2?
11111111001111111101
-512532 (base 8) to base 12
-81b8a
541256 (base 11) to base 13
243c04
1022310432 (base 5) to base 2
1000001101000101010110
112022100110 (base 3) to base 15
586b9
Convert a2b33 (base 13) to base 9.
484368
Convert 2bc6e9 (base 15) to base 12.
861626
What is -11001101111010110011 (base 2) in base 12?
-34812b
16365061 (base 7) to base 14
2d78d8
Convert 2200221000 (base 3) to base 10.
53163
-773090 (base 13) to base 11
-1646a54
What is -111111010111100111101 (base 2) in base 15?
-2b03bc
5041574 (base 8) to base 7
14200465
Convert 16c2b (base 14) to base 2.
1101111110110111
What is -35200 (base 14) in base 11?
-89210
What is 122202100001 (base 3) in base 14?
914b9
67adf (base 16) to base 4
1213223133
Convert -880b (base 15) to base 6.
-341215
290206 (base 10) to base 4
1012312132
-12b0bbc (base 13) to base 4
-112130322030
-143057 (base 11) to base 12
-a9532
Convert 917db (base 15) to base 14.
bdccd
What is 501785 (base 9) in base 11?
192943
Convert -29ea3 (base 16) to base 15.
-35d08
-1c3b1 (base 15) to base 16
-1673e
What is 3746d6 (base 14) in base 12?
774598
-526da5 (base 16) to base 13
-1171a81
What is 2271363 (base 8) in base 12?
25a443
22101221002202 (base 3) to base 9
8357082
18b02c (base 13) to base 10
623986
What is -223311121 (base 4) in base 14?
-49609
100561521 (base 7) to base 9
12026613
What is 103256466 (base 7) in base 6?
340052433
420013335 (base 6) to base 7
115611455
-1301403 (base 6) to base 9
-116443
-20460702 (base 9) to base 4
-211202312111
Convert -b79b (base 14) to base 8.
-75715
What is -152120552 (base 6) in base 11?
-1884638
-2200212000 (base 3) to base 13
-1b234
-3110101010 (base 4) to base 7
-10250552
What is -2154542 (base 9) in base 6?
-40453315
-12350 (base 7) to base 12
-1a85
Convert -23be5 (base 16) to base 2.
-100011101111100101
Convert 176107 (base 10) to base 9.
287514
Convert 1050531 (base 6) to base 7.
311332
What is -163078 (base 9) in base 14?
-2898d
What is c8bbb (base 14) in base 4?
1312132101
What is ffcff (base 16) in base 6?
34242543
Convert